{"id":821,"date":"2018-08-31T14:53:30","date_gmt":"2018-08-31T17:53:30","guid":{"rendered":"https:\/\/ensbelgrano-sjn.infd.edu.ar\/sitio\/carreras\/"},"modified":"2025-08-16T16:40:14","modified_gmt":"2025-08-16T19:40:14","slug":"carreras","status":"publish","type":"page","link":"https:\/\/ensbelgrano-sjn.infd.edu.ar\/sitio\/carreras\/","title":{"rendered":"Carreras"},"content":{"rendered":"<p style=\"text-align: center;\"><img decoding=\"async\" loading=\"lazy\" class=\"\" title=\"muestra el patio y galeria del Instituto\" src=\"https:\/\/ensbelgrano-sjn.infd.edu.ar\/sitio\/wp-content\/uploads\/2018\/08\/patio_IFD.jpg\" alt=\"muestra el patio y galeria del Instituto\" width=\"503\" height=\"238\" border=\"0\" \/><\/p>\n<table class=\"aligncenter\" style=\"width: 495px; height: 348px; border: 2px solid #f3a40b;\" border=\"2\">\n<tbody>\n<tr>\n<td>\n<p style=\"text-align: center;\"><span style=\"font-family: arial black,avant garde;\"><span style=\"font-size: 10pt;\">\u00a0 \u00a0 Carreras Docentes<\/span><\/span><\/p>\n<ul style=\"text-align: center;\">\n<li>\n<div style=\"text-align: justify;\"><span style=\"font-family: arial,helvetica,sans-serif;\"><span style=\"font-size: 10pt;\">Profesorado de Educaci\u00f3n Primaria. Res. 19027-ME-2024\u00a0<\/span><\/span><\/div>\n<\/li>\n<li>\n<div style=\"text-align: justify;\"><span style=\"font-family: arial,helvetica,sans-serif;\"><span style=\"font-size: 10pt;\">Profesorado de Educaci\u00f3n Inicial. Res. 16673-ME-2024<\/span><\/span><\/div>\n<\/li>\n<\/ul>\n<p style=\"text-align: center;\"><span style=\"font-family: arial black,avant garde;\"><span style=\"font-size: 10pt;\">Carrera T\u00e9cnicas<\/span><\/span><\/p>\n<ul style=\"text-align: center;\">\n<li>\n<div style=\"text-align: justify;\"><span style=\"font-family: arial,helvetica,sans-serif;\"><span style=\"font-size: 10pt;\">Tecnicatura Superior en Desarrollo de Software Res. 0274 &#8211; ME- 2015<\/span><\/span><\/div>\n<\/li>\n<li>\n<div style=\"text-align: justify;\"><span style=\"font-family: arial,helvetica,sans-serif;\"><span style=\"font-size: 10pt;\">Tecnicatura Superior en Prospecci\u00f3n y Exploraci\u00f3n Minera\u00a0 \u00a0 \u00a0 \u00a0 \u00a0 \u00a0 \u00a0 \u00a0 \u00a0\u00a0<\/span><\/span><\/div>\n<\/li>\n<li><span style=\"font-family: arial,helvetica,sans-serif;\"><span style=\"font-size: 10pt;\">Tecnicatura Superior en Turismo, Gu\u00eda y Hoteler\u00eda\u00a0 Res 710-ME_\u00a0 \u00a0 \u00a0 \u00a0 \u00a0 \u00a0 \u00a0 \u00a0 \u00a0 \u00a0 \u00a0 \u00a0 \u00a0 \u00a0 \u00a0\u00a0<\/span><\/span><\/li>\n<\/ul>\n<\/td>\n<\/tr>\n<\/tbody>\n<\/table>\n","protected":false},"excerpt":{"rendered":"<p>\u00a0 \u00a0 Carreras Docentes Profesorado de Educaci\u00f3n Primaria. Res. 19027-ME-2024\u00a0 Profesorado de Educaci\u00f3n Inicial. Res. 16673-ME-2024 Carrera T\u00e9cnicas Tecnicatura Superior en Desarrollo de Software Res. 0274 &#8211; ME- 2015 Tecnicatura Superior en Prospecci\u00f3n y Exploraci\u00f3n Minera\u00a0 \u00a0 \u00a0 \u00a0 \u00a0 \u00a0 \u00a0 \u00a0 \u00a0\u00a0 Tecnicatura Superior en Turismo, Gu\u00eda y Hoteler\u00eda\u00a0 Res 710-ME_\u00a0 \u00a0 \u00a0 &#8230; <a title=\"Carreras\" class=\"read-more\" href=\"https:\/\/ensbelgrano-sjn.infd.edu.ar\/sitio\/carreras\/\" aria-label=\"More on Carreras\">[+]<\/a><\/p>\n","protected":false},"author":43,"featured_media":0,"parent":0,"menu_order":0,"comment_status":"closed","ping_status":"closed","template":"","meta":[],"acf":[],"_links":{"self":[{"href":"https:\/\/ensbelgrano-sjn.infd.edu.ar\/sitio\/wp-json\/wp\/v2\/pages\/821"}],"collection":[{"href":"https:\/\/ensbelgrano-sjn.infd.edu.ar\/sitio\/wp-json\/wp\/v2\/pages"}],"about":[{"href":"https:\/\/ensbelgrano-sjn.infd.edu.ar\/sitio\/wp-json\/wp\/v2\/types\/page"}],"author":[{"embeddable":true,"href":"https:\/\/ensbelgrano-sjn.infd.edu.ar\/sitio\/wp-json\/wp\/v2\/users\/43"}],"replies":[{"embeddable":true,"href":"https:\/\/ensbelgrano-sjn.infd.edu.ar\/sitio\/wp-json\/wp\/v2\/comments?post=821"}],"version-history":[{"count":8,"href":"https:\/\/ensbelgrano-sjn.infd.edu.ar\/sitio\/wp-json\/wp\/v2\/pages\/821\/revisions"}],"predecessor-version":[{"id":3830,"href":"https:\/\/ensbelgrano-sjn.infd.edu.ar\/sitio\/wp-json\/wp\/v2\/pages\/821\/revisions\/3830"}],"wp:attachment":[{"href":"https:\/\/ensbelgrano-sjn.infd.edu.ar\/sitio\/wp-json\/wp\/v2\/media?parent=821"}],"curies":[{"name":"wp","href":"https:\/\/api.w.org\/{rel}","templated":true}]}}